-1210044340
What is -2343014 (base 6) in base 4?
-131321302
-2022003130 (base 4) to base 3
-1001201200021
What is -624129 (base 12) in base 14?
-2c1b0d
-10221011110021 (base 3) to base 15
-2b424a
-10110100101101010000 (base 2) to base 6
-23510424
-1111001110101111111 (base 2) to base 9
-840533
-3817589 (base 11) to base 5
-3144042001
What is 13319537 (base 10) in base 7?
221133320
What is 2684884 (base 13) in base 14?
1876d44
Convert -447182 (base 11) to base 10.
-712296
What is -746518 (base 14) in base 13?
-a7a645
-1202002001 (base 3) to base 4
-20120032
What is 487604 (base 10) in base 14?
c99ac
What is -295a82 (base 11) in base 6?
-13522030
Convert 503144 (base 9) to base 13.
a5589
What is -388865 (base 9) in base 7?
-2002361
What is e34c (base 15) in base 7?
256635
100322030 (base 4) to base 13
256a9
Convert -31420 (base 10) to base 5.
-2001140
Convert -1888445 (base 11) to base 16.
-30a636
Convert 3253005 (base 8) to base 11.
547706
152c07 (base 16) to base 5
323400102
What is 33572a (base 14) in base 12?
70120a
840551 (base 9) to base 6
14410331
Convert -12213133 (base 4) to base 3.
-1101011211
Convert 3401005 (base 8) to base 5.
213334041
Convert 541123 (base 9) to base 15.
65780
Convert 33020312 (base 4) to base 14.
18850
What is 480c6 (base 15) in base 12?
b0b06
What is -11100001111001000111 (base 2) in base 8?
-3417107
Convert -8165 (base 15) to base 5.
-1333240
What is 11112323221 (base 4) in base 3?
2122100211001
Convert -6a221c (base 15) to base 9.
-10476320
-6027700 (base 8) to base 13
-43662b
What is 10111101010111110110111 (base 2) in base 14?
b77607
Convert 10021001012220 (base 3) to base 14.
3317b2
Convert 10111110000000111111 (base 2) to base 4.
2332000333
What is -2b05ac (base 15) in base 5?
-1012430122
What is 1580770 (base 9) in base 12?
365190
What is -479334 (base 12) in base 4?
-10122112120
1346774 (base 9) to base 5
142133330
Convert -3303300332 (base 5) to base 11.
-4001016
2d94 (base 16) to base 4
2312110
Convert 13112231312 (base 4) to base 7.
22250102
Convert 127180 (base 9) to base 5.
4434202
What is -52234341 (base 7) in base 13?
-bab820
18794 (base 10) to base 5
1100134
What is 22679 (base 13) in base 3?
10011220122
Convert -450500 (base 6) to base 7.
-215046
430762 (base 10) to base 4
1221022222
2095e1 (base 15) to base 9
2822744
Convert -37a2975 (base 11) to base 6.
-353143455
What is 16583 (base 9) in base 15?
35b0
423078 (base 9) to base 12
101708
What is -2954726 (base 12) in base 6?
-454220450
What is -16452856 (base 9) in base 4?
-133130121111
What is -3a6b (base 13) in base 6?
-102430
What is -1102402 (base 5) in base 16?
-4a9e
14360566 (base 7) to base 15
1bcb24
What is 173405 (base 8) in base 2?
1111011100000101
Convert 3f22 (base 16) to base 3.
211011121
What is 2977965 (base 10) in base 8?
13270255
What is -7162ab (base 12) in base 10?
-1773347
What is 9c26 (base 16) in base 6?
505022
Convert -4a3a4 (base 13) to base 6.
-2533331
-33123405 (base 6) to base 7
-11265020
1489e (base 15) to base 5
4103244
-255011501 (base 7) to base 10
-16238552
What is 3a9b0 (base 14) in base 5?
14111411
What is -76a27 (base 16) in base 9?
-820508
7f16e (base 16) to base 8
1770556
Convert 1014002404 (base 6) to base 7.
155425651
What is -1552155 (base 9) in base 4?
-3102032120
Convert 8ab96 (base 12) to base 9.
311526
What is 313330044 (base 5) in base 4?
10333113311
Convert 23777375 (base 9) to base 10.
11624945
Convert -137437 (base 8) to base 14.
-13b8b
Convert 581977a (base 11) to base 15.
d5e6b2
What is -42b92 (base 16) in base 12?
-1121aa
Convert -100010100010010010110 (base 2) to base 7.
-12422221
-2493441 (base 10) to base 2
-1001100000110000000001
-1000000010110110011 (base 2) to base 10
-263603
Convert 2bd64 (base 14) to base 2.
11010110001010100
5aa052 (base 11) to base 9
1730687
Convert -12187 (base 10) to base 5.
-342222
What is -2b833b (base 13) in base 15?
-163745
What is -9bb120 (base 12) in base 14?
-48a37a
Convert 101111011001001101011011 (base 2) to base 6.
1122142351
What is -1053766 (base 8) in base 13?
-9c751
What is 7a097b (base 15) in base 14?
ab8652
What is 10202102120 (base 3) in base 4?
102003111
Convert 88921 (base 11) to base 6.
2432412
Convert -1915691 (base 10) to base 15.
-27c92b
-10100111001101101110 (base 2) to base 14
-13b862
-104110155 (base 6) to base 4
-13021312313
-69a37 (base 11) to base 2
-11000101011010011
129761c (base 14) to base 7
136153335
What is 3102022213 (base 4) in base 13?
241a95
72a4a (base 13) to base 7
1515540
What is -133032132 (base 4) in base 7?
-1041615
Convert -121a4a (base 15) to base 2.
-11010011100000010000
100120222020 (base 3) to base 15
3ae10
What is 44211203 (base 7) in base 14?
70d403
Convert -2511445 (base 6) to base 2.
-100000101011110101
Convert 141500302 (base 7) to base 12.
312731a
What is -522642 (base 7) in base 9?
-146220
What is 2464597 (base 11) in base 2?
10000010101001101110111
What is -9d551 (base 16) in base 2?
-10011101010101010001
-4405d (base 16) to base 5
-32403441
32020110210 (base 4) to base 15
4d27a0
-292114 (base 12) to base 3
-1021221121221
What is 7864 (base 15) in base 8?
61657
Convert -d38a7 (base 15) to base 2.
-10100011100111111111
-200210002022 (base 3) to base 13
-cc34a
Convert -1046457 (base 13) to base 11.
-2884830
What is -14807 (base 9) in base 5?
-311012
Convert -11001221212 (base 3) to base 15.
-18b3e
70289 (base 15) to base 16
56a8a
-44012013 (base 5) to base 11
-237452
Convert -4353b9 (base 12) to base 2.
-100000100011011111101
Convert 11110000132 (base 4) to base 10.
1392670
Convert 212123413 (base 5) to base 4.
3122213323
b6392 (base 14) to base 4
1223113030
What is fd7d4 (base 16) in base 8?
3753724
Convert 25640334 (base 7) to base 9.
4365030
-357304 (base 9) to base 15
-43bd7
Convert -10003401123 (base 5) to base 14.
-143a855
What is 75ada (base 14) in base 6?
10034240
What is -10301346 (base 7) in base 13?
-248064
-542461 (base 7) to base 10
-94564
3370793 (base 10) to base 5
1330331133
-18251 (base 16) to base 15
-1e482
What is 153139 (base 11) in base 3?
110010001002
-756a31 (base 11) to base 12
-4a4140
Convert 5671634 (base 9) to base 8.
13525760
What is 1355532 (base 6) in base 7?
442442
What is -35508413 (base 9) in base 13?
-377ca51
What is 32139 (base 12) in base 10?
65853
Convert -331005144 (base 6) to base 15.
-7c0ec1
What is -757431 (base 9) in base 15?
-8dc1d
What is -378316 (base 10) in base 16?
-5c5cc
What is -5e89c (base 16) in base 9?
-650153
-b548c6 (base 13) to base 16
-40a812
Convert 168cc1 (base 13) to base 16.
894f4
5b199 (base 13) to base 12
8096b
What is 29de7 (base 15) in base 4?
200321233
Convert -21050 (base 14) to base 4.
-103130132
Convert 7ba39 (base 13) to base 12.
aa834
What is -26848 (base 14) in base 11?
-65359
Convert 1211210200002 (base 3) to base 12.
3b3348
Convert 78551 (base 11) to base 2.
11011110010000100
-3635444 (base 7) to base 12
-1a3a9b
What is -87729 (base 12) in base 6?
-3500453
-25898 (base 13) to base 4
-100333100
What is -2020320232 (base 4) in base 2?
-10001000111000101110
What is 141520 (base 11) in base 5?
24042243
What is 1084 (base 12) in base 6?
12244
-3030104302 (base 5) to base 9
-12423116
What is 20221001101102 (base 3) in base 9?
6831342
Convert -1221211200 (base 3) to base 15.
-b630
152525322 (base 6) to base 10
3215282
What is 60c7ac (base 14) in base 6?
153523020
Convert -1746258 (base 12) to base 3.
-100001221211012
51845 (base 11) to base 12
37881
2500051 (base 6) to base 16
2047f
Convert 8a7098 (base 12) to base 9.
4137768
What is a0233a (base 13) in base 6?
211404224
-2010344 (base 9) to base 6
-34532234
What is 3120275 (base 8) in base 9?
1501204
1786aa9 (base 11) to base 9
5621012
What is -10010110100101011 (base 2) in base 7?
-440531
What is 11011001001110100011111 (base 2) in base 9?
14348182
-212310131 (base 4) to base 8
-466435
What is -2124000003 (base 5) in base 10?
-4515628
What is -4303532 (base 8) in base 2?
-100011000011101011010
What is -20226565 (base 7) in base 12?
-694924
Convert -1091590 (base 10) to base 5.
-234412330
Convert 286373 (base 9) to base 12.
85519
-144923 (base 10) to base 3
-21100210112
-38623263 (base 9) to base 5
-14324022012
Convert -175833 (base 9) to base 15.
-225b9
-21123312122 (base 4) to base 11
-143a